{"id":693,"date":"2026-02-28T11:53:32","date_gmt":"2026-02-28T11:53:32","guid":{"rendered":"https:\/\/huisenbeeld.nl\/?page_id=693"},"modified":"2026-03-01T12:08:51","modified_gmt":"2026-03-01T12:08:51","slug":"thuis-aan-huis","status":"publish","type":"page","link":"https:\/\/huisenbeeld.nl\/?page_id=693","title":{"rendered":"Thuis aan Huis"},"content":{"rendered":"\t\t<div data-elementor-type=\"wp-page\" data-elementor-id=\"693\" class=\"elementor elementor-693\" data-elementor-post-type=\"page\">\n\t\t\t\t<div class=\"elementor-element elementor-element-8418a5a e-flex e-con-boxed e-con e-parent\" data-id=\"8418a5a\" data-element_type=\"container\" data-e-type=\"container\">\n\t\t\t\t\t<div class=\"e-con-inner\">\n\t\t<div class=\"elementor-element elementor-element-7a065fb e-con-full e-flex e-con e-child\" data-id=\"7a065fb\" data-element_type=\"container\" data-e-type=\"container\">\n\t\t\t\t<div class=\"elementor-element elementor-element-43d63ca elementor-widget elementor-widget-heading\" data-id=\"43d63ca\" data-element_type=\"widget\" data-e-type=\"widget\" data-widget_type=\"heading.default\">\n\t\t\t\t\t<h2 class=\"elementor-heading-title elementor-size-default\">Mantelzorgwoningen en zorgunits Thuis aan Huis<\/h2>\t\t\t\t<\/div>\n\t\t\t\t<\/div>\n\t\t<div class=\"elementor-element elementor-element-94e6e33 e-con-full e-flex e-con e-child\" data-id=\"94e6e33\" data-element_type=\"container\" data-e-type=\"container\">\n\t\t\t\t<div class=\"elementor-element elementor-element-768f63f elementor-widget elementor-widget-text-editor\" data-id=\"768f63f\" data-element_type=\"widget\" data-e-type=\"widget\" data-widget_type=\"text-editor.default\">\n\t\t\t\t\t\t\t\t\t<p>Wanneer een bedrijf al meer dan dertig jaar midden in de zorgbouw staat, ontstaat er iets bijzonders: een schat aan kennis, vertrouwen en vakmanschap. Thuis aan Huis is zo\u2019n partij. Ze bouwen zorgunits en mantelzorgwoningen die niet alleen praktisch zijn, maar vooral rust, veiligheid en thuisgevoel brengen. Toen ik werd gevraagd om hun modelwoningen en -units tot leven te brengen in visualisaties, voelde dat meteen als een mooie samenwerking.<\/p><p>Voordat ik met het tekenwerk begon, startte ik bij het bedrijf zelf &#8230; beter nog, ik startte bij de units en mantelzorgwoningen. Ik liep door de ruimtes, bekeek de slimme indelingen, voelde aan materialen en legde details vast met mijn camera. Die kleine elementen maken namelijk het verschil in een visualisatie. Ik streef altijd naar kloppende visualisaties, die uitnodigen en laten zien hoe doordacht deze woningen zijn.<\/p><p>Met die indrukken ging ik aan de slag. De plattegronden werden helder en overzichtelijk, de visualisaties warm en realistisch. Op de website van Thuis aan Huis kunnen klanten nu in \u00e9\u00e9n oogopslag zien welke mogelijkheden er zijn; van compacte zorgunit tot complete mantelzorgwoning. Het maakt ori\u00ebnteren makkelijker, maar vooral: het maakt dromen tastbaar.<\/p><p><i>Ontwerper: Saskia Schenk<br \/>Roosendaal, 2024 en 2025<\/i><\/p>\t\t\t\t\t\t\t\t<\/div>\n\t\t\t\t<\/div>\n\t\t\t\t\t<\/div>\n\t\t\t\t<\/div>\n\t\t<div class=\"elementor-element elementor-element-861c506 e-flex e-con-boxed e-con e-parent\" data-id=\"861c506\" data-element_type=\"container\" data-e-type=\"container\">\n\t\t\t\t\t<div class=\"e-con-inner\">\n\t\t\t\t<div class=\"elementor-element elementor-element-90830e5 elementor-widget elementor-widget-gallery\" data-id=\"90830e5\" data-element_type=\"widget\" data-e-type=\"widget\" data-settings=\"{&quot;columns&quot;:3,&quot;gallery_layout&quot;:&quot;masonry&quot;,&quot;lazyload&quot;:&quot;yes&quot;,&quot;columns_tablet&quot;:2,&quot;columns_mobile&quot;:1,&quot;gap&quot;:{&quot;unit&quot;:&quot;px&quot;,&quot;size&quot;:10,&quot;sizes&quot;:[]},&quot;gap_tablet&quot;:{&quot;unit&quot;:&quot;px&quot;,&quot;size&quot;:10,&quot;sizes&quot;:[]},&quot;gap_mobile&quot;:{&quot;unit&quot;:&quot;px&quot;,&quot;size&quot;:10,&quot;sizes&quot;:[]},&quot;link_to&quot;:&quot;file&quot;,&quot;overlay_background&quot;:&quot;yes&quot;,&quot;content_hover_animation&quot;:&quot;fade-in&quot;}\" data-widget_type=\"gallery.default\">\n\t\t\t\t\t\t\t<div class=\"elementor-gallery__container\">\n\t\t\t\t\t\t\t<a class=\"e-gallery-item elementor-gallery-item elementor-animated-content\" href=\"https:\/\/huisenbeeld.nl\/wp-content\/uploads\/2026\/02\/MZ-36.png\" data-elementor-open-lightbox=\"yes\" data-elementor-lightbox-slideshow=\"90830e5\" data-elementor-lightbox-title=\"MZ-36\" data-e-action-hash=\"#elementor-action%3Aaction%3Dlightbox%26settings%3DeyJpZCI6NzExLCJ1cmwiOiJodHRwczpcL1wvaHVpc2VuYmVlbGQubmxcL3dwLWNvbnRlbnRcL3VwbG9hZHNcLzIwMjZcLzAyXC9NWi0zNi5wbmciLCJzbGlkZXNob3ciOiI5MDgzMGU1In0%3D\">\n\t\t\t\t\t<div class=\"e-gallery-image elementor-gallery-item__image\" data-thumbnail=\"https:\/\/huisenbeeld.nl\/wp-content\/uploads\/2026\/02\/MZ-36-1024x576.png\" data-width=\"525\" data-height=\"295\" aria-label=\"\" role=\"img\" ><\/div>\n\t\t\t\t\t\t\t\t\t\t\t<div class=\"elementor-gallery-item__overlay\"><\/div>\n\t\t\t\t\t\t\t\t\t\t\t\t\t\t<\/a>\n\t\t\t\t\t\t\t<a class=\"e-gallery-item elementor-gallery-item elementor-animated-content\" href=\"https:\/\/huisenbeeld.nl\/wp-content\/uploads\/2026\/02\/MZ-48.png\" data-elementor-open-lightbox=\"yes\" data-elementor-lightbox-slideshow=\"90830e5\" data-elementor-lightbox-title=\"MZ-48\" data-e-action-hash=\"#elementor-action%3Aaction%3Dlightbox%26settings%3DeyJpZCI6NzEyLCJ1cmwiOiJodHRwczpcL1wvaHVpc2VuYmVlbGQubmxcL3dwLWNvbnRlbnRcL3VwbG9hZHNcLzIwMjZcLzAyXC9NWi00OC5wbmciLCJzbGlkZXNob3ciOiI5MDgzMGU1In0%3D\">\n\t\t\t\t\t<div class=\"e-gallery-image elementor-gallery-item__image\" data-thumbnail=\"https:\/\/huisenbeeld.nl\/wp-content\/uploads\/2026\/02\/MZ-48-1024x576.png\" data-width=\"525\" data-height=\"295\" aria-label=\"\" role=\"img\" ><\/div>\n\t\t\t\t\t\t\t\t\t\t\t<div class=\"elementor-gallery-item__overlay\"><\/div>\n\t\t\t\t\t\t\t\t\t\t\t\t\t\t<\/a>\n\t\t\t\t\t\t\t<a class=\"e-gallery-item elementor-gallery-item elementor-animated-content\" href=\"https:\/\/huisenbeeld.nl\/wp-content\/uploads\/2026\/02\/MZ-54.png\" data-elementor-open-lightbox=\"yes\" data-elementor-lightbox-slideshow=\"90830e5\" data-elementor-lightbox-title=\"MZ-54\" data-e-action-hash=\"#elementor-action%3Aaction%3Dlightbox%26settings%3DeyJpZCI6NzEzLCJ1cmwiOiJodHRwczpcL1wvaHVpc2VuYmVlbGQubmxcL3dwLWNvbnRlbnRcL3VwbG9hZHNcLzIwMjZcLzAyXC9NWi01NC5wbmciLCJzbGlkZXNob3ciOiI5MDgzMGU1In0%3D\">\n\t\t\t\t\t<div class=\"e-gallery-image elementor-gallery-item__image\" data-thumbnail=\"https:\/\/huisenbeeld.nl\/wp-content\/uploads\/2026\/02\/MZ-54-1024x576.png\" data-width=\"525\" data-height=\"295\" aria-label=\"\" role=\"img\" ><\/div>\n\t\t\t\t\t\t\t\t\t\t\t<div class=\"elementor-gallery-item__overlay\"><\/div>\n\t\t\t\t\t\t\t\t\t\t\t\t\t\t<\/a>\n\t\t\t\t\t\t\t<a class=\"e-gallery-item elementor-gallery-item elementor-animated-content\" href=\"https:\/\/huisenbeeld.nl\/wp-content\/uploads\/2026\/02\/MZ-72.png\" data-elementor-open-lightbox=\"yes\" data-elementor-lightbox-slideshow=\"90830e5\" data-elementor-lightbox-title=\"MZ-72\" data-e-action-hash=\"#elementor-action%3Aaction%3Dlightbox%26settings%3DeyJpZCI6NzE0LCJ1cmwiOiJodHRwczpcL1wvaHVpc2VuYmVlbGQubmxcL3dwLWNvbnRlbnRcL3VwbG9hZHNcLzIwMjZcLzAyXC9NWi03Mi5wbmciLCJzbGlkZXNob3ciOiI5MDgzMGU1In0%3D\">\n\t\t\t\t\t<div class=\"e-gallery-image elementor-gallery-item__image\" data-thumbnail=\"https:\/\/huisenbeeld.nl\/wp-content\/uploads\/2026\/02\/MZ-72-1024x576.png\" data-width=\"525\" data-height=\"295\" aria-label=\"\" role=\"img\" ><\/div>\n\t\t\t\t\t\t\t\t\t\t\t<div class=\"elementor-gallery-item__overlay\"><\/div>\n\t\t\t\t\t\t\t\t\t\t\t\t\t\t<\/a>\n\t\t\t\t\t\t\t<a class=\"e-gallery-item elementor-gallery-item elementor-animated-content\" href=\"https:\/\/huisenbeeld.nl\/wp-content\/uploads\/2026\/02\/MZ-90-extra-render-zijkant.png\" data-elementor-open-lightbox=\"yes\" data-elementor-lightbox-slideshow=\"90830e5\" data-elementor-lightbox-title=\"MZ-90 extra render zijkant\" data-e-action-hash=\"#elementor-action%3Aaction%3Dlightbox%26settings%3DeyJpZCI6NzE1LCJ1cmwiOiJodHRwczpcL1wvaHVpc2VuYmVlbGQubmxcL3dwLWNvbnRlbnRcL3VwbG9hZHNcLzIwMjZcLzAyXC9NWi05MC1leHRyYS1yZW5kZXItemlqa2FudC5wbmciLCJzbGlkZXNob3ciOiI5MDgzMGU1In0%3D\">\n\t\t\t\t\t<div class=\"e-gallery-image elementor-gallery-item__image\" data-thumbnail=\"https:\/\/huisenbeeld.nl\/wp-content\/uploads\/2026\/02\/MZ-90-extra-render-zijkant-1024x576.png\" data-width=\"525\" data-height=\"295\" aria-label=\"\" role=\"img\" ><\/div>\n\t\t\t\t\t\t\t\t\t\t\t<div class=\"elementor-gallery-item__overlay\"><\/div>\n\t\t\t\t\t\t\t\t\t\t\t\t\t\t<\/a>\n\t\t\t\t\t\t\t<a class=\"e-gallery-item elementor-gallery-item elementor-animated-content\" href=\"https:\/\/huisenbeeld.nl\/wp-content\/uploads\/2026\/02\/MZ-90-1.png\" data-elementor-open-lightbox=\"yes\" data-elementor-lightbox-slideshow=\"90830e5\" data-elementor-lightbox-title=\"MZ-90\" data-e-action-hash=\"#elementor-action%3Aaction%3Dlightbox%26settings%3DeyJpZCI6NzE2LCJ1cmwiOiJodHRwczpcL1wvaHVpc2VuYmVlbGQubmxcL3dwLWNvbnRlbnRcL3VwbG9hZHNcLzIwMjZcLzAyXC9NWi05MC0xLnBuZyIsInNsaWRlc2hvdyI6IjkwODMwZTUifQ%3D%3D\">\n\t\t\t\t\t<div class=\"e-gallery-image elementor-gallery-item__image\" data-thumbnail=\"https:\/\/huisenbeeld.nl\/wp-content\/uploads\/2026\/02\/MZ-90-1-1024x576.png\" data-width=\"525\" data-height=\"295\" aria-label=\"\" role=\"img\" ><\/div>\n\t\t\t\t\t\t\t\t\t\t\t<div class=\"elementor-gallery-item__overlay\"><\/div>\n\t\t\t\t\t\t\t\t\t\t\t\t\t\t<\/a>\n\t\t\t\t\t\t\t<a class=\"e-gallery-item elementor-gallery-item elementor-animated-content\" href=\"https:\/\/huisenbeeld.nl\/wp-content\/uploads\/2026\/02\/MZ-maatwerk.png\" data-elementor-open-lightbox=\"yes\" data-elementor-lightbox-slideshow=\"90830e5\" data-elementor-lightbox-title=\"MZ-maatwerk\" data-e-action-hash=\"#elementor-action%3Aaction%3Dlightbox%26settings%3DeyJpZCI6NzE3LCJ1cmwiOiJodHRwczpcL1wvaHVpc2VuYmVlbGQubmxcL3dwLWNvbnRlbnRcL3VwbG9hZHNcLzIwMjZcLzAyXC9NWi1tYWF0d2Vyay5wbmciLCJzbGlkZXNob3ciOiI5MDgzMGU1In0%3D\">\n\t\t\t\t\t<div class=\"e-gallery-image elementor-gallery-item__image\" data-thumbnail=\"https:\/\/huisenbeeld.nl\/wp-content\/uploads\/2026\/02\/MZ-maatwerk-1024x576.png\" data-width=\"525\" data-height=\"295\" aria-label=\"\" role=\"img\" ><\/div>\n\t\t\t\t\t\t\t\t\t\t\t<div class=\"elementor-gallery-item__overlay\"><\/div>\n\t\t\t\t\t\t\t\t\t\t\t\t\t\t<\/a>\n\t\t\t\t\t\t\t<a class=\"e-gallery-item elementor-gallery-item elementor-animated-content\" href=\"https:\/\/huisenbeeld.nl\/wp-content\/uploads\/2026\/02\/MZ-36-met-sandwich-beplating-v2.png\" data-elementor-open-lightbox=\"yes\" data-elementor-lightbox-slideshow=\"90830e5\" data-elementor-lightbox-title=\"MZ-36 met sandwich beplating - v2\" data-e-action-hash=\"#elementor-action%3Aaction%3Dlightbox%26settings%3DeyJpZCI6NzI0LCJ1cmwiOiJodHRwczpcL1wvaHVpc2VuYmVlbGQubmxcL3dwLWNvbnRlbnRcL3VwbG9hZHNcLzIwMjZcLzAyXC9NWi0zNi1tZXQtc2FuZHdpY2gtYmVwbGF0aW5nLXYyLnBuZyIsInNsaWRlc2hvdyI6IjkwODMwZTUifQ%3D%3D\">\n\t\t\t\t\t<div class=\"e-gallery-image elementor-gallery-item__image\" data-thumbnail=\"https:\/\/huisenbeeld.nl\/wp-content\/uploads\/2026\/02\/MZ-36-met-sandwich-beplating-v2-1024x576.png\" data-width=\"525\" data-height=\"295\" aria-label=\"\" role=\"img\" ><\/div>\n\t\t\t\t\t\t\t\t\t\t\t<div class=\"elementor-gallery-item__overlay\"><\/div>\n\t\t\t\t\t\t\t\t\t\t\t\t\t\t<\/a>\n\t\t\t\t\t\t\t<a class=\"e-gallery-item elementor-gallery-item elementor-animated-content\" href=\"https:\/\/huisenbeeld.nl\/wp-content\/uploads\/2026\/02\/render-zorgunit-met-getekend-huis.png\" data-elementor-open-lightbox=\"yes\" data-elementor-lightbox-slideshow=\"90830e5\" data-elementor-lightbox-title=\"render zorgunit met getekend huis\" data-e-action-hash=\"#elementor-action%3Aaction%3Dlightbox%26settings%3DeyJpZCI6NzI1LCJ1cmwiOiJodHRwczpcL1wvaHVpc2VuYmVlbGQubmxcL3dwLWNvbnRlbnRcL3VwbG9hZHNcLzIwMjZcLzAyXC9yZW5kZXItem9yZ3VuaXQtbWV0LWdldGVrZW5kLWh1aXMucG5nIiwic2xpZGVzaG93IjoiOTA4MzBlNSJ9\">\n\t\t\t\t\t<div class=\"e-gallery-image elementor-gallery-item__image\" data-thumbnail=\"https:\/\/huisenbeeld.nl\/wp-content\/uploads\/2026\/02\/render-zorgunit-met-getekend-huis-1024x576.png\" data-width=\"525\" data-height=\"295\" aria-label=\"\" role=\"img\" ><\/div>\n\t\t\t\t\t\t\t\t\t\t\t<div class=\"elementor-gallery-item__overlay\"><\/div>\n\t\t\t\t\t\t\t\t\t\t\t\t\t\t<\/a>\n\t\t\t\t\t\t\t<a class=\"e-gallery-item elementor-gallery-item elementor-animated-content\" href=\"https:\/\/huisenbeeld.nl\/wp-content\/uploads\/2026\/02\/ZU-9.png\" data-elementor-open-lightbox=\"yes\" data-elementor-lightbox-slideshow=\"90830e5\" data-elementor-lightbox-title=\"ZU-9\" data-e-action-hash=\"#elementor-action%3Aaction%3Dlightbox%26settings%3DeyJpZCI6NzE5LCJ1cmwiOiJodHRwczpcL1wvaHVpc2VuYmVlbGQubmxcL3dwLWNvbnRlbnRcL3VwbG9hZHNcLzIwMjZcLzAyXC9aVS05LnBuZyIsInNsaWRlc2hvdyI6IjkwODMwZTUifQ%3D%3D\">\n\t\t\t\t\t<div class=\"e-gallery-image elementor-gallery-item__image\" data-thumbnail=\"https:\/\/huisenbeeld.nl\/wp-content\/uploads\/2026\/02\/ZU-9.png\" data-width=\"525\" data-height=\"526\" aria-label=\"\" role=\"img\" ><\/div>\n\t\t\t\t\t\t\t\t\t\t\t<div class=\"elementor-gallery-item__overlay\"><\/div>\n\t\t\t\t\t\t\t\t\t\t\t\t\t\t<\/a>\n\t\t\t\t\t\t\t<a class=\"e-gallery-item elementor-gallery-item elementor-animated-content\" href=\"https:\/\/huisenbeeld.nl\/wp-content\/uploads\/2026\/02\/ZU-18.png\" data-elementor-open-lightbox=\"yes\" data-elementor-lightbox-slideshow=\"90830e5\" data-elementor-lightbox-title=\"ZU-18\" data-e-action-hash=\"#elementor-action%3Aaction%3Dlightbox%26settings%3DeyJpZCI6NzIwLCJ1cmwiOiJodHRwczpcL1wvaHVpc2VuYmVlbGQubmxcL3dwLWNvbnRlbnRcL3VwbG9hZHNcLzIwMjZcLzAyXC9aVS0xOC5wbmciLCJzbGlkZXNob3ciOiI5MDgzMGU1In0%3D\">\n\t\t\t\t\t<div class=\"e-gallery-image elementor-gallery-item__image\" data-thumbnail=\"https:\/\/huisenbeeld.nl\/wp-content\/uploads\/2026\/02\/ZU-18-1024x680.png\" data-width=\"525\" data-height=\"349\" aria-label=\"\" role=\"img\" ><\/div>\n\t\t\t\t\t\t\t\t\t\t\t<div class=\"elementor-gallery-item__overlay\"><\/div>\n\t\t\t\t\t\t\t\t\t\t\t\t\t\t<\/a>\n\t\t\t\t\t\t\t<a class=\"e-gallery-item elementor-gallery-item elementor-animated-content\" href=\"https:\/\/huisenbeeld.nl\/wp-content\/uploads\/2026\/02\/ZU-25.png\" data-elementor-open-lightbox=\"yes\" data-elementor-lightbox-slideshow=\"90830e5\" data-elementor-lightbox-title=\"ZU-25\" data-e-action-hash=\"#elementor-action%3Aaction%3Dlightbox%26settings%3DeyJpZCI6NzIxLCJ1cmwiOiJodHRwczpcL1wvaHVpc2VuYmVlbGQubmxcL3dwLWNvbnRlbnRcL3VwbG9hZHNcLzIwMjZcLzAyXC9aVS0yNS5wbmciLCJzbGlkZXNob3ciOiI5MDgzMGU1In0%3D\">\n\t\t\t\t\t<div class=\"e-gallery-image elementor-gallery-item__image\" data-thumbnail=\"https:\/\/huisenbeeld.nl\/wp-content\/uploads\/2026\/02\/ZU-25-1024x621.png\" data-width=\"525\" data-height=\"318\" aria-label=\"\" role=\"img\" ><\/div>\n\t\t\t\t\t\t\t\t\t\t\t<div class=\"elementor-gallery-item__overlay\"><\/div>\n\t\t\t\t\t\t\t\t\t\t\t\t\t\t<\/a>\n\t\t\t\t\t\t\t<a class=\"e-gallery-item elementor-gallery-item elementor-animated-content\" href=\"https:\/\/huisenbeeld.nl\/wp-content\/uploads\/2026\/02\/ZU-maatwerk.png\" data-elementor-open-lightbox=\"yes\" data-elementor-lightbox-slideshow=\"90830e5\" data-elementor-lightbox-title=\"ZU-maatwerk\" data-e-action-hash=\"#elementor-action%3Aaction%3Dlightbox%26settings%3DeyJpZCI6NzIyLCJ1cmwiOiJodHRwczpcL1wvaHVpc2VuYmVlbGQubmxcL3dwLWNvbnRlbnRcL3VwbG9hZHNcLzIwMjZcLzAyXC9aVS1tYWF0d2Vyay5wbmciLCJzbGlkZXNob3ciOiI5MDgzMGU1In0%3D\">\n\t\t\t\t\t<div class=\"e-gallery-image elementor-gallery-item__image\" data-thumbnail=\"https:\/\/huisenbeeld.nl\/wp-content\/uploads\/2026\/02\/ZU-maatwerk-1011x1024.png\" data-width=\"525\" data-height=\"532\" aria-label=\"\" role=\"img\" ><\/div>\n\t\t\t\t\t\t\t\t\t\t\t<div class=\"elementor-gallery-item__overlay\"><\/div>\n\t\t\t\t\t\t\t\t\t\t\t\t\t\t<\/a>\n\t\t\t\t\t<\/div>\n\t\t\t\t\t<\/div>\n\t\t\t\t\t<\/div>\n\t\t\t\t<\/div>\n\t\t<div class=\"elementor-element elementor-element-612d32c e-flex e-con-boxed e-con e-parent\" data-id=\"612d32c\" data-element_type=\"container\" data-e-type=\"container\">\n\t\t\t\t\t<div class=\"e-con-inner\">\n\t\t<div class=\"elementor-element elementor-element-a2a6379 e-con-full e-flex e-con e-child\" data-id=\"a2a6379\" data-element_type=\"container\" data-e-type=\"container\">\n\t\t\t\t<div class=\"elementor-element elementor-element-c877f26 elementor-align-center elementor-widget elementor-widget-button\" data-id=\"c877f26\" data-element_type=\"widget\" data-e-type=\"widget\" data-widget_type=\"button.default\">\n\t\t\t\t\t\t\t\t\t\t<a class=\"elementor-button elementor-button-link elementor-size-sm\" href=\"https:\/\/huisenbeeld.nl\/?page_id=204\">\n\t\t\t\t\t\t<span class=\"elementor-button-content-wrapper\">\n\t\t\t\t\t\t<span class=\"elementor-button-icon\">\n\t\t\t\t<svg aria-hidden=\"true\" class=\"e-font-icon-svg e-fas-arrow-left\" viewBox=\"0 0 448 512\" xmlns=\"http:\/\/www.w3.org\/2000\/svg\"><path d=\"M257.5 445.1l-22.2 22.2c-9.4 9.4-24.6 9.4-33.9 0L7 273c-9.4-9.4-9.4-24.6 0-33.9L201.4 44.7c9.4-9.4 24.6-9.4 33.9 0l22.2 22.2c9.5 9.5 9.3 25-.4 34.3L136.6 216H424c13.3 0 24 10.7 24 24v32c0 13.3-10.7 24-24 24H136.6l120.5 114.8c9.8 9.3 10 24.8.4 34.3z\"><\/path><\/svg>\t\t\t<\/span>\n\t\t\t\t\t\t\t\t\t<span class=\"elementor-button-text\">Vorig project<\/span>\n\t\t\t\t\t<\/span>\n\t\t\t\t\t<\/a>\n\t\t\t\t\t\t\t\t<\/div>\n\t\t\t\t<\/div>\n\t\t<div class=\"elementor-element elementor-element-77085bd e-con-full e-flex e-con e-child\" data-id=\"77085bd\" data-element_type=\"container\" data-e-type=\"container\">\n\t\t\t\t<div class=\"elementor-element elementor-element-408ab32 elementor-align-center elementor-widget elementor-widget-button\" data-id=\"408ab32\" data-element_type=\"widget\" data-e-type=\"widget\" data-widget_type=\"button.default\">\n\t\t\t\t\t\t\t\t\t\t<a class=\"elementor-button elementor-button-link elementor-size-sm\" href=\"https:\/\/huisenbeeld.nl\/?page_id=209\">\n\t\t\t\t\t\t<span class=\"elementor-button-content-wrapper\">\n\t\t\t\t\t\t<span class=\"elementor-button-icon\">\n\t\t\t\t<svg aria-hidden=\"true\" class=\"e-font-icon-svg e-fas-arrow-right\" viewBox=\"0 0 448 512\" xmlns=\"http:\/\/www.w3.org\/2000\/svg\"><path d=\"M190.5 66.9l22.2-22.2c9.4-9.4 24.6-9.4 33.9 0L441 239c9.4 9.4 9.4 24.6 0 33.9L246.6 467.3c-9.4 9.4-24.6 9.4-33.9 0l-22.2-22.2c-9.5-9.5-9.3-25 .4-34.3L311.4 296H24c-13.3 0-24-10.7-24-24v-32c0-13.3 10.7-24 24-24h287.4L190.9 101.2c-9.8-9.3-10-24.8-.4-34.3z\"><\/path><\/svg>\t\t\t<\/span>\n\t\t\t\t\t\t\t\t\t<span class=\"elementor-button-text\">Volgend project<\/span>\n\t\t\t\t\t<\/span>\n\t\t\t\t\t<\/a>\n\t\t\t\t\t\t\t\t<\/div>\n\t\t\t\t<\/div>\n\t\t\t\t\t<\/div>\n\t\t\t\t<\/div>\n\t\t\t\t<\/div>\n\t\t","protected":false},"excerpt":{"rendered":"<p>Mantelzorgwoningen en zorgunits Thuis aan Huis Wanneer een bedrijf al meer dan dertig jaar midden in de zorgbouw staat, ontstaat er iets bijzonders: een schat aan kennis, vertrouwen en vakmanschap. Thuis aan Huis is zo\u2019n partij. Ze bouwen zorgunits en mantelzorgwoningen die niet alleen praktisch zijn, maar vooral rust, veiligheid en thuisgevoel brengen. Toen ik &hellip; <\/p>\n<p class=\"link-more\"><a href=\"https:\/\/huisenbeeld.nl\/?page_id=693\" class=\"more-link\">Lees verder <span class=\"screen-reader-text\">&#8220;Thuis aan Huis&#8221;<\/span><\/a><\/p>\n","protected":false},"author":1,"featured_media":0,"parent":0,"menu_order":0,"comment_status":"closed","ping_status":"closed","template":"","meta":{"footnotes":""},"class_list":["post-693","page","type-page","status-publish","hentry"],"_links":{"self":[{"href":"https:\/\/huisenbeeld.nl\/index.php?rest_route=\/wp\/v2\/pages\/693","targetHints":{"allow":["GET"]}}],"collection":[{"href":"https:\/\/huisenbeeld.nl\/index.php?rest_route=\/wp\/v2\/pages"}],"about":[{"href":"https:\/\/huisenbeeld.nl\/index.php?rest_route=\/wp\/v2\/types\/page"}],"author":[{"embeddable":true,"href":"https:\/\/huisenbeeld.nl\/index.php?rest_route=\/wp\/v2\/users\/1"}],"replies":[{"embeddable":true,"href":"https:\/\/huisenbeeld.nl\/index.php?rest_route=%2Fwp%2Fv2%2Fcomments&post=693"}],"version-history":[{"count":28,"href":"https:\/\/huisenbeeld.nl\/index.php?rest_route=\/wp\/v2\/pages\/693\/revisions"}],"predecessor-version":[{"id":1035,"href":"https:\/\/huisenbeeld.nl\/index.php?rest_route=\/wp\/v2\/pages\/693\/revisions\/1035"}],"wp:attachment":[{"href":"https:\/\/huisenbeeld.nl\/index.php?rest_route=%2Fwp%2Fv2%2Fmedia&parent=693"}],"curies":[{"name":"wp","href":"https:\/\/api.w.org\/{rel}","templated":true}]}}